001111 (base 2) in base 12?
334b77b
What is 13000230112 (base 4) in base 5?
432302341
What is -349275 (base 12) in base 3?
-1120221121222
146051011 (base 7) to base 16
953047
-15465034 (base 7) to base 15
-1e8027
1101101011001011001 (base 2) to base 9
752586
30123203 (base 4) to base 5
3112130
Convert -262640 (base 7) to base 4.
-23332010
Convert 11a68 (base 14) to base 7.
236661
Convert -2342146 (base 7) to base 9.
-501141
Convert -76673 (base 11) to base 7.
-642300
-1100010101111011 (base 2) to base 13
-1a01b
Convert c4702 (base 13) to base 11.
220aa1
What is -1bc497 (base 16) in base 2?
-110111100010010010111
Convert -236133 (base 8) to base 15.
-18ee2
Convert -34b4b2 (base 12) to base 2.
-11001111010100000110
-7899bb (base 16) to base 7
-124115533
What is 18744 (base 16) in base 11?
69289
What is 11101033012 (base 4) in base 10?
1381318
Convert 7a816 (base 14) to base 13.
a57c6
122ca2 (base 15) to base 11
5448a6
Convert 2a31b6 (base 14) to base 12.
5a9924
Convert -204300230 (base 5) to base 13.
-23b460
236207 (base 8) to base 16
13c87
Convert 124126 (base 8) to base 11.
2a417
Convert 42165b (base 13) to base 7.
16065032
111504513 (base 6) to base 9
3757700
Convert 1122020 (base 7) to base 16.
222b6
1335511 (base 7) to base 3
100000010111
12132310223 (base 4) to base 11
a60630
What is -6382875 (base 9) in base 12?
-118b51b
10213030020 (base 4) to base 5
302142341
Convert -122210011102121 (base 3) to base 2.
-100100000011011000111101
Convert -30ca482 (base 13) to base 7.
-240121353
245515253 (base 6) to base 11
2757510
Convert 1103256 (base 7) to base 2.
100001000111001000
7444 (base 12) to base 10
12724
4c549c (base 15) to base 6
210301550
Convert -29726 (base 11) to base 16.
-a498
What is -25531 (base 16) in base 14?
-3da01
Convert -dc1de (base 16) to base 7.
-10443365
Convert 100111001110000100 (base 2) to base 4.
213032010
Convert -3356403 (base 11) to base 10.
-5879514
Convert -216694 (base 10) to base 16.
-34e76
What is 114a10 (base 12) in base 7?
2235204
-10321212001 (base 4) to base 15
-1a58c1
-2232444124 (base 5) to base 9
-10312647
302041 (base 6) to base 9
35557
Convert -1100020122120 (base 3) to base 2.
-10101110001011011100
What is -28a6858 (base 12) in base 10?
-8181572
What is -33435 (base 8) in base 10?
-14109
Convert -171f97 (base 16) to base 6.
-52251451
-2102010222002 (base 3) to base 13
-35b865
Convert 3888096 (base 11) to base 6.
400133524
2426320 (base 7) to base 4
1023210223
Convert 4294b (base 13) to base 11.
82363
What is -2b047 (base 14) in base 4?
-122021013
1b6a2 (base 12) to base 8
117432
What is 9d6d (base 15) in base 4?
20021323
-2a212 (base 13) to base 12
-39b85
-149369 (base 10) to base 13
-52cac
14b08 (base 16) to base 11
58740
5844 (base 12) to base 14
3832
21130112032 (base 4) to base 3
11122202121201
-69845c (base 14) to base 13
-98b725
Convert -105178 (base 12) to base 8.
-767254
What is 6728a5 (base 11) in base 2?
100000101110110011010
What is -14546 (base 16) in base 5?
-10131040
What is -23435025 (base 6) in base 4?
-2303222321
Convert -45cb67 (base 14) to base 13.
-653836
What is 50243332 (base 7) in base 14?
7a4b52
Convert -8175 (base 16) to base 5.
-2030031
-184822a (base 12) to base 14
-961054
What is 24033531 (base 6) in base 7?
6246115
-24020200 (base 5) to base 12
-a7416
300010224 (base 5) to base 10
1172564
What is 1310313320 (base 4) in base 11?
2a7733
Convert 443343445 (base 6) to base 4.
132202331111
-345510323 (base 6) to base 16
-6225ab
Convert 536172 (base 14) to base 8.
12606010
What is 701321 (base 10) in base 9?
1278025
What is -423201200 (base 5) in base 16?
-1b0a12
-11211220002 (base 4) to base 8
-5455002
Convert 122170 (base 9) to base 2.
10010000000101101
Convert 5020205 (base 10) to base 2.
10011001001101000101101
What is d0083 (base 15) in base 7?
5411043
5624686 (base 10) to base 15
761891
Convert 2142554 (base 8) to base 10.
574828
Convert -152166 (base 7) to base 4.
-13032123
-330da (base 14) to base 11
-84a0a
Convert -555224 (base 7) to base 4.
-113321033
100000000011101010 (base 2) to base 10
131306
What is -abc4 (base 14) in base 13?
-1071b
c2334c (base 13) to base 4
101033131320
Convert -83318 (base 13) to base 8.
-714127
Convert 32215242 (base 6) to base 8.
3501552
What is 12731351 (base 10) in base 15?
11b73bb
-2140410130 (base 5) to base 8
-21504314
Convert -15473 (base 12) to base 4.
-13111113
Convert 41011210 (base 5) to base 7.
2536660
Convert -32625433 (base 7) to base 9.
-5257357
155d4c (base 16) to base 4
11111311030
What is -1113144431 (base 5) in base 4?
-21130033233
20010110212 (base 3) to base 16
1d738
537571 (base 14) to base 2
1010110001100111001111
Convert -23411624 (base 7) to base 6.
-112212445
What is 16565366 (base 7) in base 2?
110001101111001011100
What is 3341071 (base 9) in base 13?
4ac809
Convert 888966 (base 11) to base 10.
1417345
Convert -2011101010 (base 3) to base 2.
-1010011000111011
What is 9bccb (base 16) in base 12?
269377
Convert a4020 (base 11) to base 4.
211003030
What is 26789 (base 15) in base 11?
84624
Convert 1000000100010101111100 (base 2) to base 11.
1214a93
Convert -6964a5 (base 12) to base 11.
-a55267
What is 1326512 (base 8) in base 12?
15b376
1112101011 (base 4) to base 11
221527
Convert -103a3 (base 16) to base 14.
-1a319
13401533 (base 6) to base 10
451425
What is 222121311211 (base 4) in base 15?
e988d7
-1409a69 (base 12) to base 4
-33100022301
What is -427106 (base 10) in base 15?
-8683b
What is -2583662 (base 9) in base 3?
-2122210202002
What is 90514 (base 10) in base 13?
32278
Convert -1000001101000011010 (base 2) to base 16.
-41a1a
36724551 (base 8) to base 7
125612455
Convert -186519 (base 10) to base 3.
-100110212010
What is -121000111 (base 3) in base 6?
-130021
What is 1804117 (base 10) in base 6?
102400221
What is 51325 (base 6) in base 12?
3b45
What is -1166053 (base 7) in base 8?
-446656
-111010000110111011100 (base 2) to base 12
-779aa4
Convert -1b29c (base 14) to base 10.
-69130
Convert -98143 (base 11) to base 3.
-21020120221
27103 (base 9) to base 13
8445
What is 33d19 (base 14) in base 12?
60b43
Convert -1066136 (base 7) to base 12.
-657a5
What is 1830731 (base 9) in base 14?
1c930b
1012031313102 (base 4) to base 2
1000110001101110111010010
Convert -20220123003 (base 4) to base 15.
-2ea683
35131051 (base 6) to base 7
12136156
Convert -a34351 (base 11) to base 2.
-110010101010100010000
What is 330302 (base 8) in base 13?
3b570
Convert -130212113 (base 5) to base 8.
-2322536
Convert -11021776 (base 9) to base 6.
-310114453
What is 210312041 (base 5) in base 16?
d450e
What is -788969 (base 13) in base 5?
-1212043343
What is -101011111001010 (base 3) in base 10?
-5402649
What is -12111010110 (base 4) in base 14?
-312912
What is -2334e (base 15) in base 8?
-332774
Convert 2143042021 (base 5) to base 2.
10001110001011101000011
Convert -100000101101110111111111 (base 2) to base 4.
-200231313333
Convert -21404413 (base 5) to base 4.
-231022113
What is 2a8870 (base 11) in base 10?
480205
What is c180 (base 14) in base 13?
12188
233144 (base 5) to base 14
3189
Convert 22110202000220 (base 3) to base 9.
8422026
Convert 1000000011110101 (base 2) to base 11.
22892
Convert 164293b (base 14) to base 15.
e59bee
What is -20020020110021 (base 3) in base 16?
-328759
What is -220351 (base 8) in base 4?
-102003221
What is 136744 (base 8) in base 16?
bde4
Convert 44650 (base 9) to base 3.
1111201200
-52225452 (base 6) to base 4
-11301033020
Convert -a6bbb (base 15) to base 7.
-4332500
What is 7255382 (base 9) in base 16?
3b2088
2120011 (base 8) to base 15
b273c
Convert -1a7a6 (base 12) to base 7.
-222066
What is -44a16a6 (base 12) in base 2?
-110010001010010010011110
Convert 1067887 (base 9) to base 6.
20205341
Convert -17022 (base 8) to base 11.
-5869
What is 98a38 (base 11) in base 13?
50515
Convert 1785272 (base 14) to base 5.
10433201334
Convert -10035543 (base 7) to base 15.
-116b0c
145111042 (base 6) to base 8
13465242
-1004004300 (base 5) to base 6
-111114132
10daaa7 (base 14) to base 5
4030332431
Convert 10446 (base 11) to base 9.
22731
6347830 (base 10) to base 13
1413418
What is -9493042 (base 10) in base 3?
-122212022000011
Convert 13d320 (base 14) to base 6.
22435252
Convert 151c0f (base 16) to base 8.
5216017
